-10. What are the prime factors of y?
2, 3
Suppose -2 = -r + 3. What are the prime factors of r?
5
What are the prime factors of (6/9)/((-2)/(-720))?
2, 3, 5
Suppose -5*p + p = -4. Let f(u) = u**3 - 2*u - 2*u + 4*u**2 - 1 - 2 - p. List the prime factors of f(-4).
2, 3
Let l = 50 - -9. What are the prime factors of l?
59
Let i(x) = -12*x - 3. Let c(u) = 1. Let d(o) = -7. Let l(a) = -6*c(a) - d(a). Let y(p) = -i(p) - 4*l(p). What are the prime factors of y(2)?
23
Suppose 0 = -2*o + 5*o - 6. List the prime factors of o.
2
Suppose 3*q + 8 = -q. List the prime factors of q/(-1) + -1 - -2.
3
Let n = 27 - 15. What are the prime factors of n?
2, 3
Suppose -5*w - 9 = -24. List the prime factors of w.
3
Let n(f) = f**3 - 4*f**2 - 6*f + 5. Let a be n(5). Let u be (a + (-2)/(-5))*15. What are the prime factors of 1/u - 118/(-12)?
2, 5
Suppose -z - 3*z = -8. Suppose 3*b + 3 = z*c + c, 2*c - 5*b = -4. What are the prime factors of c?
3
Let f be -27*(40/(-6) - -2). Suppose 2*u + f = 4*t, 0*u - u = -4*t + 125. What are the prime factors of t?
31
Let i(m) = 28*m**2 - 21*m - 17. Let w(b) = 7*b**2 - 5*b - 4. Let r(u) = -2*i(u) + 9*w(u). List the prime factors of r(-2).
2
Let w(g) = 14*g + 2. List the prime factors of w(3).
2, 11
Suppose -67 = -2*g + 61. What are the prime factors of g?
2
Let k = 20 - 13. Let q = k - 3. Suppose 34 = q*a + 5*t, -2*t - 8 = -2*a - 0*a. List the prime factors of a.
2, 3
Let b = -15 - -19. Let p = 11 - 7. Suppose 0 = 2*n + b*z - 1 - 3, 41 = p*n - 3*z. What are the prime factors of n?
2
Let f = -4 - -6. Suppose -f*v + 215 = 3*v + 3*q, -215 = -5*v - 2*q. What are the prime factors of v?
43
Let i = 6 - 13. Let q = -5 - i. What are the prime factors of q?
2
Let l be (-246)/21 + (-4)/14. List the prime factors of 4/(12/(-9)) - l.
3
Let m = 50 + -26. List the prime factors of m.
2, 3
Suppose -4*u + 7 + 5 = 0. Suppose 4*w - 16 = -u*c, 3*w + 0*w - 4*c - 12 = 0. What are the prime factors of w?
2
Let u be (-2)/(-11) - 375/(-55). Let r = u - -3. What are the prime factors of r?
2, 5
Let q(b) = 8*b**2 + b - 18. What are the prime factors of q(-4)?
2, 53
Let m(b) = -6*b**2 - 4*b**3 + 0*b**3 + 1 + 5*b**3 - 6*b + 3. Let k = -18 + 25. List the prime factors of m(k).
11
Let u(r) be the first derivative of -3*r**2/2 - 10*r + 2. What are the prime factors of u(-7)?
11
What are the prime factors of (-2 + 2 + -1)*-15?
3, 5
Let m be 0/(1 - -3) + -120. Let z(r) = r**2 - 4*r + 4. Let v be z(3). List the prime factors of v/3 + m/(-18).
7
Let n be (-54)/(-10) + 4/(-10). Suppose o - n = 9. List the prime factors of o.
2, 7
Let i(x) = -4*x**3 + 2*x**2 + 2*x + 8. What are the prime factors of i(-4)?
2, 3
Let z(b) = b**3 - 13*b**2 + 13*b - 12. Let x be z(12). Let i = x + 13. What are the prime factors of i?
13
Suppose -3*c + 232 = -c. What are the prime factors of c?
2, 29
List the prime factors of (3 - 12/16)*96.
2, 3
Let i(l) = -6*l + 1. Let x be i(1). What are the prime factors of (-46)/x - (-3)/(-15)?
3
Let q be (-5 + 3)*(-1 + 0). Suppose 24 = -3*d + s - q*s, -5*s - 30 = 5*d. Let n = d - -14. List the prime factors of n.
5
Let b be (-44)/36 + (-4)/(-18). Suppose -c + 2*c = 9. Let o = c - b. What are the prime factors of o?
2, 5
Let g(b) be the third derivative of -b**6/60 - b**5/60 - b**4/12 - b**3/6 + 4*b**2. List the prime factors of g(-1).
2
Let p = -259 - -377. What are the prime factors of p?
2, 59
Suppose j - 42 + 10 = 0. What are the prime factors of j?
2
Let n be -6*(-1)/(-2)*-1. Suppose -u = 4*k - 21, 28 + 30 = 4*u + n*k. List the prime factors of u.
13
Suppose -2*b - 85 = -7*b. Let k = 28 - b. What are the prime factors of k?
11
Let o(b) = 20*b**2 + 8*b - 24. List the prime factors of o(4).
2, 41
Let g = 14 - 23. Let b(a) = -2*a + 18. Let z be b(9). List the prime factors of 15/g*(z - 3).
5
Let w(k) = 20*k + 17. Let x(g) = 5*g + 4. Let q(i) = -6*w(i) + 26*x(i). List the prime factors of q(2).
2, 11
Let h(u) = 2*u**2 + u + 1. List the prime factors of h(-6).
67
Let x be 1/(1/(-18)*-3). Suppose 0 = -3*c + x, 0 = -5*w + 2*w + 2*c + 11. List the prime factors of w.
5
Let v(j) = -j**2 + j. Let p(h) = h**3 - 2*h**2 - 11*h + 6. Let z(n) = p(n) + 4*v(n). Let o be z(7). Suppose 0 = 2*d - 4*d + o. What are the prime factors of d?
3
Let l(d) = d**3 - 5*d**2 - 12*d + 9. Let a be l(8). Let p be (6/(-10))/((-3)/a). List the prime factors of ((-6)/4)/(p/(-308)).
2, 11
Suppose -4*j = -j. Let x(a) = -2*a**3 + 5*a**2 - 4 + 3*a**3 + j - 1. List the prime factors of x(-4).
11
Let v(i) = -2*i**2 + 5*i + 21. Let w(a) = -a**2 + 3*a + 11. Let y(r) = -4*v(r) + 7*w(r). What are the prime factors of y(5)?
23
List the prime factors of 78 + (-2 - 4/4) + 3.
2, 3, 13
Let i(q) = 3*q**3 + 9*q**2 - 3*q - 11. Let d(s) = 7*s**3 + 18*s**2 - 5*s - 22. Let l(t) = 4*d(t) - 9*i(t). List the prime factors of l(8).
3
Suppose -319 = -11*y - 0*y. List the prime factors of y.
29
Suppose 3*f - 5*i + 58 = -120, -4*f + 2*i = 242. Let x = f - -40. What are the prime factors of x/(-4 + 1) + 2?
3
Let k(r) = r**3 + 5*r**2 - 2*r. Let p be (2/3)/(6/(-45)). Let h be p/(-1) + -2 - 8. What are the prime factors of k(h)?
2, 5
Let b(x) = -x**3 + 6*x**2 + 4*x - 9. Let q be b(6). Let i = 27 - q. List the prime factors of i.
2, 3
Let w = 34 - 22. Suppose -i = x - 6*i - 3, 4*x - 5*i = w. What are the prime factors of x?
3
Let y = 8 - 24. List the prime factors of 17/5 - y/(-40).
3
Suppose 3*u + 5 = 8*u. Let n(k) be the third derivative of k**5/4 - k**3/6 + k**2. What are the prime factors of n(u)?
2, 7
Let n be 1 - 3/6*-2. Let p(f) = 2*f**2 - 4*f + 3. What are the prime factors of p(n)?
3
Let p(o) be the third derivative of -o**4/24 - 4*o**2. Let l be p(3). Let r = l + 6. What are the prime factors of r?
3
Let z(q) = q**3 + 4*q**2 - 3*q - 3. Suppose -i - 10 = 4*v + i, 2*v - 3*i + 17 = 0. Let w be z(v). List the prime factors of (w - 3)/(-2) + 17.
2, 7
Let h(i) = -6*i - 9*i - 121 + 119. List the prime factors of h(-2).
2, 7
Suppose 3*u - 115 = 5*b, -4*u = -u - 2*b - 100. What are the prime factors of u?
2, 3, 5
Let q be 53 + (-2 - 0) + 1. Suppose g + 3*g = q. What are the prime factors of g?
13
Let w = -8 - -3. Let n(c) = 6*c + 3. Let q(p) = 17*p + 8. Let g(l) = 11*n(l) - 4*q(l). What are the prime factors of g(w)?
11
Suppose -2*n + n = 1. Let k(a) = 1 - 2*a - a + 8*a**2 + 4*a. List the prime factors of k(n).
2
Let s(o) = -2*o**2 - 14*o - 6. What are the prime factors of s(-6)?
2, 3
Suppose 0 = 5*s + 3*o - 12, -10 = -5*s - 5*o - 0. Suppose 3 = -a - 0, 0 = -5*d - s*a - 54. Let z = d + 21. List the prime factors of z.
2, 3
Let o(p) = -2*p**2 + 7 - 1 + 3*p**2 - 8*p. Let j be o(5). Let w(g) = g**3 + 10*g**2 + 8*g + 1. List the prime factors of w(j).
2, 5
Suppose 4*j + 5*w - 573 = 0, 5*j - 3*w - 660 = 2*w. List the prime factors of j.
137
Suppose 4*g - 10 - 6 = 0. Suppose 7*j = g*j + m - 4, m - 2 = j. What are the prime factors of 0 - j - -8 - 0?
3
Let k(h) = -5*h - 2. Let s be k(-2). Suppose -s = -p + 16. List the prime factors of (27/(-4))/((-9)/p).
2, 3
Let s(g) = -42*g. List the prime factors of s(-1).
2, 3, 7
Let d = 239 - 102. List the prime factors of d.
137
Suppose 5*v = 257 + 283. Suppose m = 5*m - v. Let p = -19 + m. List the prime factors of p.
2
Let f = -11 - -189. List the prime factors of f.
2, 89
List the prime factors of (69/2)/(12/16).
2, 23
Suppose 3*m + 4*z + 0*z - 14 = 0, m - z = 0. Suppose 5*r + m*d + 18 = r, 0 = 4*d + 4. Let o = -2 - r. List the prime factors of o.
2
Let k(n) = 17*n - 28. What are the prime factors of k(6)?
2, 37
What are the prime factors of (-3)/(2/(210/(-9)))?
5, 7
Let f(b) = -b - 4. Let l be f(-7). Let x(r) = 23*r + 1. Let t be x(l). Suppose 0*j + 5*j = t. List the prime factors of j.
2, 7
Let d(q) be the first derivative of -q**2/2 + 8*q - 3. Let m be d(6). Let k(f) = 3*f**2 + 3*f - 1. List the prime factors of k(m).
17
Let v(x) be the second derivative of -x**4/12 + 4*x**3/3 + 4*x**2 - 6*x. List the prime factors of v(8).
2
Suppose -6*j = -4*j - 8. Suppose -j*f - 3*u = -0*f - 13, 0 = -3*u - 3. What are the prime factors of f?
2
Suppose -5*c + 4*c - 2 = 0, 4*s - 5*c = 958. What are the prime factors of s?
3, 79
Let t = 109 - 62. Suppose 63 + t = 3*m - 4*x, 4*m = -5*x + 95. What are the prime factors of m?
2, 3, 5
Let r be -1*(-5 + -2 - -4). Let j(n) = 4*n**2 + 2*n. Let 